se 4*a = -0*p + t*p - 3180, -3*a - 12 = 0. Is p a prime number?
False
Suppose 0 = -3*n + h + 7002, -5*n + 2*h + 6652 = -5019. Is n a composite number?
False
Let h = -231 - -628. Is h a composite number?
False
Let i = -14 + 14. Suppose 4*g - 25 + 113 = s, i = 2*s - 5*g - 191. Let d = -49 + s. Is d prime?
True
Let d(h) = 79*h**2 - 113*h - 629. Is d(-6) prime?
False
Let w be (2/6)/((-23)/(-138)). Let q(o) = 0*o - w*o**2 + 58 + 10*o - 10*o. Is q(0) prime?
False
Is 16/(-20) + 66839/5 a composite number?
False
Suppose 10*w - 25*w + 20415 = 0. Is w prime?
True
Suppose -13*y - 611422 = -111*y. Is y a composite number?
True
Let y(f) = -f**2 + 4. Let c be y(0). Let j be 1 + 1 - (-4)/c. Suppose 0 = -3*w - 3*r + 768, 2*r + j*r = 10. Is w a composite number?
True
Let n(i) = -16*i - 2. Let j be n(-7). Let r = j + 57. Is r prime?
True
Let a be (7 + 2)*1/3. Suppose -a*h = 5 - 17. Is 5/(-20) - (-149)/h a prime number?
True
Let l = -62 - -59. Is -2 - 11504/l - (-1)/3 prime?
True
Suppose 2*i = 6*i - 8. Let v be (-3 + (-4)/(-1))*i. Suppose -v*s = -d + 3*s + 273, 0 = -3*d + 3*s + 867. Is d a prime number?
True
Suppose 4*o + 22 = -2*n + 6*o, 2*o - 36 = 4*n. Let s(w) = 4*w**2 - 2*w + 7. Is s(n) composite?
True
Is 18797/(0 + 1)*(-541)/(-541) a composite number?
False
Let k be (-33)/(-22)*(1 - -1). Suppose -k = -2*w - 43. Is (514/(-8))/(5/w) composite?
False
Suppose -33*s = -80*s + 2599711. Is s a prime number?
True
Let o = 20922 + -11245. Is o a composite number?
False
Let o = 2401 - 1365. Suppose 5*c - 299 = o. Is c composite?
True
Let c be 0/(-2)*1/2. Suppose c = q - 4*x - 3323, 2*q + x = -q + 9956. Is q composite?
False
Suppose 0 = 48*u - 45*u + 5832. Let t = u + 2855. Is t a prime number?
True
Suppose -3*g + 5*z - 1 - 3 = 0, 4*g + 2*z - 12 = 0. Suppose g*n - 794 - 372 = 0. Suppose -2*c + n = -1119. Is c a composite number?
True
Let t(q) be the first derivative of 464*q**2 + 6*q - 6. Is t(1) composite?
True
Let n = 807 + 1481. Is (-2)/(-24)*8 + n/6 a prime number?
False
Let x(f) = 73*f**2 + 42*f + 16. Is x(13) a composite number?
False
Let x(a) = -31*a - 7 - 22*a + a. Let g be (18/24)/(-3)*20. Is x(g) composite?
True
Suppose 2*m - 5*s = 789, -3*s = m - 0*m - 389. Let a = m - 139. Is a composite?
True
Let u = 34 + -36. Let q(p) = 580*p**2 - 3. Is q(u) prime?
False
Suppose 0 = 25*m - 21*m - 8516. Is m composite?
False
Is (4/(-24)*-3)/(3/23934) a composite number?
False
Let k(s) = -110*s - 9. Let d(b) = b**2 + 7*b + 1. Let a be d(-2). Let f = a + 4. Is k(f) a prime number?
True
Let i(z) = z**3 - 15*z**2 + 28*z + 33. Let q(r) = -r**2 - 3*r + 35. Let p be q(-6). Is i(p) prime?
True
Let o(g) = g**3 + g**2 + g + 18393. Is o(0) a prime number?
False
Let x(a) = -5*a**2 - 19*a - 5. Let d be x(10). Let o = d - -1002. Is o prime?
True
Let l be (-33649)/(-22) + 1/2. Suppose -496 = 2*o - l. Is o a composite number?
True
Suppose -6*m = -9*m - 54. Let b(n) = -n**3 - 16*n**2 - 8*n + 23. Is b(m) composite?
True
Let w(p) = 7277*p**3 - 2*p**2 - 7*p + 9. Let b(z) = 3638*z**3 - z**2 - 3*z + 4. Let o(y) = -7*b(y) + 3*w(y). Is o(-1) a composite number?
True
Suppose 20754 = 2*c - 2*h - 1968, 2*c - 22725 = h. Let j be c/8*4/6. Suppose j = 5*m - 168. Is m composite?
False
Suppose h + 4*h - 7370 = -l, 0 = 4*l + 4*h - 29480. Let n = -307 + l. Is n composite?
True
Let j(l) = 688*l - 3. Let r(o) = -o**2 - 8*o - 10. Let f be r(-5). Is j(f) a prime number?
False
Suppose -4*s + 15 = 3. Suppose s*k - 3*t = t - 1112, 0 = -k + 5*t - 356. Is 1 + k/(-4 + 0) a composite number?
True
Let f be (16/36*3)/(4/(-6)). Let l be 1*(2 - (5 + -2)). Is f - (131 - 2)*l composite?
False
Let s(m) = -17*m + 32. Suppose -3*p - 4*z = z - 8, 5*z = 5*p - 40. Let j(b) = 9*b - 16. Let c(l) = p*s(l) + 13*j(l). Is c(11) a prime number?
True
Suppose 3*c - 8 - 7 = 0. Is 7278/15 - ((-4)/c - -1) prime?
False
Suppose 4*q + 5*g = 3248, -5*g = -4*q - 17 + 3305. Is q a composite number?
True
Let p(s) = -2*s**2 - s - 16. Let x be p(0). Let l(a) = 5*a**2 - 21. Is l(x) composite?
False
Let i(y) = y**2 + y - 13. Let t be i(0). Let b = t - -13. Let a(h) = h**3 - h**2 + h + 194. Is a(b) a prime number?
False
Let t(o) = -3*o**3 + 5*o**2 + o + 60. Is t(-19) prime?
False
Suppose 5*t + 5*v = v + 23, 0 = 2*t + 4*v - 14. Suppose -t = -w - 2*j, j - 3 = -w - 3*j. Suppose -32 + 665 = w*d. Is d a prime number?
True
Let s(t) = t**3 - 10*t**2 + 11*t - 18. Let o be s(9). Is (-330)/(-1 - o) - (0 + -1) a prime number?
True
Let x(a) be the second derivative of -197*a**3/6 + 3*a**2/2 + 11*a. Is x(-4) a composite number?
True
Suppose -42769 = -3*w + 5*o - 0*o, -3*o - 28512 = -2*w. Is w composite?
True
Suppose -487*w = -488*w + 41401. Is w prime?
False
Let c(z) = 37*z - 3. Is c(26) composite?
True
Let t be 2*-7 + (3 - 1). Let f = t + 10. Is (38/(-3))/(f/3) prime?
True
Let h = 7 + -1. Let b(u) = 12 - 11 + 6*u**2 + 7*u - u**2. Is b(h) composite?
False
Suppose -9*b = 9*b + 13446. Is 1*18/(-2)*b/27 a composite number?
True
Let h = 98 + -24. Is h/2*91/13 prime?
False
Let a(p) = p - 5. Let d be a(10). Suppose d*z = -0*w + 4*w + 34, -3*w + 4*z - 26 = 0. Is 1*3/(w/(-62)) composite?
False
Let v(k) be the third derivative of 29*k**4/24 - 5*k**3 + 26*k**2. Is v(19) a prime number?
True
Let x = 1163 - 460. Is x a prime number?
False
Let i = 9178 - 4670. Let y = -3207 + i. Suppose -y = -5*h + 3*k, 4*k + 785 = 3*h - 0*h. Is h composite?
True
Suppose -2*u + 3279 = -5763. Suppose -3*a + 0*a + 4545 = -3*x, -3*a - 3*x + u = 0. Is a a composite number?
False
Let z(i) = -i**3 - 5*i**2 + 6*i + 2. Let l be z(-6). Suppose l*n - 4*j + 2 = 0, -2*n - 3*j + 3 = 5. Is (-282)/(-9) + n/3 prime?
True
Suppose 0*p = -5*p - 30. Is (-4235)/(-20) + p/8 composite?
False
Suppose -11*o + 116245 = -128736. Is o composite?
False
Suppose 8 - 4 = i. Suppose -2*v - 1263 - 635 = i*h, -3*v = -3*h + 2892. Is v/(-3) + 4/3 a prime number?
False
Suppose -3*w = -7*w. Let g(i) = -2 - 2 + i**2 + w + 1 - 3*i. Is g(6) composite?
True
Let t = 27910 + 38953. Is t a composite number?
False
Suppose -4*w = -2*l + 26, 5 = 3*w - 4*l + 17. Let s be -4 + w/((-4)/1). Is s + -2 + (-338)/(-1) a prime number?
False
Let c(m) be the second derivative of m**4/3 + m**3/6 - 2*m**2 + 7*m. Let o be c(-5). Let p = o - 54. Is p a prime number?
True
Let h = 6 - 4. Let i be (-10 - -7)/((-18)/(-48)). Is ((-299)/4)/(h/i) composite?
True
Let m(y) = -5 + 2 + 4*y + 4*y**3 + 6*y**2 + 6*y. Is m(7) a prime number?
True
Let g = -42006 - -65257. Is g a composite number?
False
Let l(w) = -w**3 - w + 196. Let f be l(0). Suppose h = f + 102. Is h a composite number?
True
Suppose 0 = 3*i - 8*i + 10. Suppose -t = 3*m - 273, 9*m = 4*t + 4*m - 1092. Suppose -j = i*j - t. Is j a composite number?
True
Let p = -15 + 15. Suppose -4*z + 1 = -15, p = 2*n - z. Suppose -c = -n*c + 299. Is c composite?
True
Let u(z) = -7*z**2 - 7*z - 10. Let r be u(-3). Let i = r - -105. Is i prime?
True
Suppose -19547 = -2*c - 5*l, -4*c + 2*c + 2*l = -19568. Is c a composite number?
False
Suppose 0 = g - h - 3, g = -2*h - 8 + 20. Let v be 9/g - (-9)/(-6). Suppose m = 0, 4*a - 3*m - 288 - 220 = v. Is a composite?
False
Suppose -5*k - 2 = 58. Is 1/4 + (-9417)/k a composite number?
True
Let f = -59398 - -92331. Is f a composite number?
False
Suppose 13*b - 10*b - 11013 = 0. Is b a prime number?
True
Suppose 14*r - 11606 - 5880 = 0. Is r composite?
False
Let a = 45 - 43. Suppose 0 = -h + a + 2, 2*s - h - 264 = 0. Is s a prime number?
False
Suppose -4*j + 332 = -52. Suppose 4*x = -k + 3*k - j, -2*k + 95 = -5*x. Is (-393)/(-5) - (-20)/k a composite number?
False
Let u(x) = 611*x - 275. Is u(26) composite?
True
Suppose 9*d = 7*d. Suppose d = -5*z + b + 848, 2*z = z + 3*b + 178. Is z a prime number?
False
Let j = -6 - -11. Suppose 0*l - j*t = -5*l + 250, 5*t - 174 = -3*l. Is l a prime number?
True
Let f(x) = -x**3 + 2*x**2 - x - 2. Let i be f(3). Let t = 28 + i. Let s = t - 8. Is s a prime number?
False
Let l = 1 - -8. Suppose l*b = 5*b - 668. Let f = 540 + b. Is f a composite number?
False
Let h = 6 - 3. Let m be -40 + -5 + (3 - -6). Let f = h - m. Is f composite?
True
Let a be 3*1*(-8)/(-6). Suppose -15*w + 43785 = 6*w. Suppose w = a*x + x. Is x a composite number?
True
Let p(c) = -7*c + 1. Let f be p(-2). Suppose -6*u + f = -u. Suppose -4*j - 4*t + 708 = -5*t, -u*t + 177 = j. 